{"id":3065,"date":"2025-10-04T17:15:35","date_gmt":"2025-10-04T15:15:35","guid":{"rendered":"https:\/\/www.pepinierepierreetlili.fr\/?post_type=product&#038;p=3065"},"modified":"2025-12-25T15:12:53","modified_gmt":"2025-12-25T14:12:53","slug":"cognassier-portugal","status":"publish","type":"product","link":"https:\/\/pepinierepierreetlili.fr\/index.php\/produit\/cognassier-portugal\/","title":{"rendered":"Cognassier PORTUGAL"},"content":{"rendered":"<p>Le cognassier \u2018Portugal\u2019 est une vari\u00e9t\u00e9 ancienne et rustique, r\u00e9put\u00e9e pour sa productivit\u00e9 r\u00e9guli\u00e8re et la qualit\u00e9 de ses fruits. Cet arbre fruitier s\u2019int\u00e8gre parfaitement dans un verger familial ou un jardin spacieux, offrant \u00e0 la fois beaut\u00e9 et gourmandise.<\/p>\n<p>Le Cognassier Portugal produit des coings de taille moyenne \u00e0 grande, \u00e0 la chair ferme, parfum\u00e9e et l\u00e9g\u00e8rement acidul\u00e9e, id\u00e9ale pour la cuisine, les compotes et les confitures. Les fruits se r\u00e9coltent en automne et se conservent bien, permettant de profiter de leur saveur sur plusieurs semaines.<\/p>\n<p>Dans notre p\u00e9pini\u00e8re, le cognassier est cultiv\u00e9 sans travail du sol et selon des m\u00e9thodes biologiques, garantissant des arbres robustes, r\u00e9sistants aux maladies et adapt\u00e9s aux diff\u00e9rents climats. Cette culture favorise un enracinement naturel et une meilleure assimilation des nutriments.<\/p>\n<p>\ud83c\udf31 Donn\u00e9es techniques<br \/>\nVigueur : vigoureuse<br \/>\nPort : arrondi et \u00e9tal\u00e9<br \/>\nMise \u00e0 fruit : moyenne, 3\u20114 ans apr\u00e8s plantation<br \/>\nProduction : r\u00e9guli\u00e8re et abondante<br \/>\nP\u00e9riode de floraison : printemps<br \/>\nPollinisation : autofertile mais meilleurs rendements avec d\u2019autres cognassiers<br \/>\nP\u00e9riode de r\u00e9colte : automne (septembre \u00e0 octobre selon r\u00e9gion)<br \/>\nUtilisation des fruits : compotes, confitures, desserts, p\u00e2tisseries<br \/>\nAdaptation climatique : excellente, convient aux climats temp\u00e9r\u00e9s<br \/>\nMode de culture : agriculture biologique, sans travail du sol<br \/>\nParticularit\u00e9 : fruit sucr\u00e9 et parfum\u00e9, bonne conservation<\/p>\n","protected":false},"excerpt":{"rendered":"<p>Le cognassier \u2018Portugal\u2019 est une vari\u00e9t\u00e9 ancienne et rustique, r\u00e9put\u00e9e pour sa productivit\u00e9 r\u00e9guli\u00e8re et la qualit\u00e9 de ses fruits. Cet arbre fruitier s\u2019int\u00e8gre parfaitement dans un verger familial ou un jardin spacieux, offrant \u00e0 la fois beaut\u00e9 et gourmandise.<\/p>\n<p>Le Cognassier Portugal produit des coings de taille moyenne \u00e0 grande, \u00e0 la chair ferme, parfum\u00e9e et l\u00e9g\u00e8rement acidul\u00e9e, id\u00e9ale pour la cuisine, les compotes et les confitures. Les fruits se r\u00e9coltent en automne et se conservent bien, permettant de profiter de leur saveur sur plusieurs semaines.<\/p>\n<p>Dans notre p\u00e9pini\u00e8re, le cognassier est cultiv\u00e9 sans travail du sol et selon des m\u00e9thodes biologiques, garantissant des arbres robustes, r\u00e9sistants aux maladies et adapt\u00e9s aux diff\u00e9rents climats. Cette culture favorise un enracinement naturel et une meilleure assimilation des nutriments.<\/p>\n<p>\ud83c\udf31 Donn\u00e9es techniques<br \/>\nVigueur : vigoureuse<br \/>\nPort : arrondi et \u00e9tal\u00e9<br \/>\nMise \u00e0 fruit : moyenne, 3\u20114 ans apr\u00e8s plantation<br \/>\nProduction : r\u00e9guli\u00e8re et abondante<br \/>\nP\u00e9riode de floraison : printemps<br \/>\nPollinisation : autofertile mais meilleurs rendements avec d\u2019autres cognassiers<br \/>\nP\u00e9riode de r\u00e9colte : automne (septembre \u00e0 octobre selon r\u00e9gion)<\/p>\n<p>Utilisation des fruits : compotes, confitures, desserts, p\u00e2tisseries<br \/>\nAdaptation climatique : excellente, convient aux climats temp\u00e9r\u00e9s<br \/>\nMode de culture : agriculture biologique, sans travail du sol<br \/>\nParticularit\u00e9 : fruit sucr\u00e9 et parfum\u00e9, bonne conservation<\/p>\n","protected":false},"featured_media":0,"template":"","meta":{"site-sidebar-layout":"default","site-content-layout":"default","ast-global-header-display":"","ast-banner-title-visibility":"","ast-main-header-display":"","ast-hfb-above-header-display":"","ast-hfb-below-header-display":"","ast-hfb-mobile-header-display":"","site-post-title":"","ast-breadcrumbs-content":"","ast-featured-img":"","footer-sml-layout":"","theme-transparent-header-meta":"default","adv-header-id-meta":"","stick-header-meta":"","header-above-stick-meta":"","header-main-stick-meta":"","header-below-stick-meta":""},"product_brand":[],"product_cat":[115,91],"product_tag":[],"class_list":{"0":"post-3065","1":"product","2":"type-product","3":"status-publish","5":"product_cat-cognassier","6":"product_cat-scions-fruits-a-pepins","7":"desktop-align-left","8":"tablet-align-left","9":"mobile-align-left","11":"first","12":"outofstock","13":"featured","14":"taxable","15":"shipping-taxable","16":"purchasable","17":"product-type-variable"},"jetpack_sharing_enabled":true,"_links":{"self":[{"href":"https:\/\/pepinierepierreetlili.fr\/index.php\/wp-json\/wp\/v2\/product\/3065","targetHints":{"allow":["GET"]}}],"collection":[{"href":"https:\/\/pepinierepierreetlili.fr\/index.php\/wp-json\/wp\/v2\/product"}],"about":[{"href":"https:\/\/pepinierepierreetlili.fr\/index.php\/wp-json\/wp\/v2\/types\/product"}],"wp:attachment":[{"href":"https:\/\/pepinierepierreetlili.fr\/index.php\/wp-json\/wp\/v2\/media?parent=3065"}],"wp:term":[{"taxonomy":"product_brand","embeddable":true,"href":"https:\/\/pepinierepierreetlili.fr\/index.php\/wp-json\/wp\/v2\/product_brand?post=3065"},{"taxonomy":"product_cat","embeddable":true,"href":"https:\/\/pepinierepierreetlili.fr\/index.php\/wp-json\/wp\/v2\/product_cat?post=3065"},{"taxonomy":"product_tag","embeddable":true,"href":"https:\/\/pepinierepierreetlili.fr\/index.php\/wp-json\/wp\/v2\/product_tag?post=3065"}],"curies":[{"name":"wp","href":"https:\/\/api.w.org\/{rel}","templated":true}]}}