{"id":3025,"date":"2025-10-04T16:56:22","date_gmt":"2025-10-04T14:56:22","guid":{"rendered":"https:\/\/www.pepinierepierreetlili.fr\/?post_type=product&#038;p=3025"},"modified":"2025-12-15T16:44:39","modified_gmt":"2025-12-15T15:44:39","slug":"pommier-reinette-dangleterre","status":"publish","type":"product","link":"https:\/\/pepinierepierreetlili.fr\/index.php\/produit\/pommier-reinette-dangleterre\/","title":{"rendered":"Pommier REINETTE D&rsquo;ANGLETERRE"},"content":{"rendered":"<p>Reinette d\u2019Angleterre \u2013 Vari\u00e9t\u00e9 ancienne, aromatique et excellente en cuisine<\/p>\n<p>La Reinette d\u2019Angleterre est une vari\u00e9t\u00e9 ancienne incontournable, appr\u00e9ci\u00e9e pour sa chair ferme, parfum\u00e9e et l\u00e9g\u00e8rement acidul\u00e9e qui en fait l\u2019une des meilleures pommes pour la cuisine : tartes, compotes, p\u00e2tisserie, jus\u2026 Elle conserve tr\u00e8s bien en hiver et d\u00e9veloppe des ar\u00f4mes riches et complexes en stockage.<\/p>\n<p>Arbre vigoureux, rustique et r\u00e9gulier, la Reinette d\u2019Angleterre s\u2019adapte tr\u00e8s bien aux sols vivants, aux vergers naturels et aux climats contrast\u00e9s. Peu sensible aux maladies communes du pommier, elle offre une production fiable et des fruits d\u2019une grande qualit\u00e9 gustative. Greff\u00e9s sur porte-greffes adapt\u00e9s, nos scions assurent une excellente reprise et un d\u00e9veloppement \u00e9quilibr\u00e9.<\/p>\n","protected":false},"excerpt":{"rendered":"<p>Reinette d\u2019Angleterre \u2013 Vari\u00e9t\u00e9 ancienne, aromatique et excellente en cuisine<\/p>\n<p>La Reinette d\u2019Angleterre est une vari\u00e9t\u00e9 ancienne incontournable, appr\u00e9ci\u00e9e pour sa chair ferme, parfum\u00e9e et l\u00e9g\u00e8rement acidul\u00e9e qui en fait l\u2019une des meilleures pommes pour la cuisine : tartes, compotes, p\u00e2tisserie, jus\u2026 Elle conserve tr\u00e8s bien en hiver et d\u00e9veloppe des ar\u00f4mes riches et complexes en stockage.<\/p>\n<p>Arbre vigoureux, rustique et r\u00e9gulier, la Reinette d\u2019Angleterre s\u2019adapte tr\u00e8s bien aux sols vivants, aux vergers naturels et aux climats contrast\u00e9s. Peu sensible aux maladies communes du pommier, elle offre une production fiable et des fruits d\u2019une grande qualit\u00e9 gustative. Greff\u00e9s sur porte-greffes adapt\u00e9s, nos scions assurent une excellente reprise et un d\u00e9veloppement \u00e9quilibr\u00e9.<\/p>\n","protected":false},"featured_media":0,"template":"","meta":{"site-sidebar-layout":"default","site-content-layout":"default","ast-global-header-display":"","ast-banner-title-visibility":"","ast-main-header-display":"","ast-hfb-above-header-display":"","ast-hfb-below-header-display":"","ast-hfb-mobile-header-display":"","site-post-title":"","ast-breadcrumbs-content":"","ast-featured-img":"","footer-sml-layout":"","theme-transparent-header-meta":"default","adv-header-id-meta":"","stick-header-meta":"","header-above-stick-meta":"","header-main-stick-meta":"","header-below-stick-meta":""},"product_brand":[],"product_cat":[54],"product_tag":[],"class_list":{"0":"post-3025","1":"product","2":"type-product","3":"status-publish","5":"product_cat-pommier","6":"desktop-align-left","7":"tablet-align-left","8":"mobile-align-left","10":"first","11":"instock","12":"featured","13":"taxable","14":"shipping-taxable","15":"purchasable","16":"product-type-variable"},"jetpack_sharing_enabled":true,"_links":{"self":[{"href":"https:\/\/pepinierepierreetlili.fr\/index.php\/wp-json\/wp\/v2\/product\/3025","targetHints":{"allow":["GET"]}}],"collection":[{"href":"https:\/\/pepinierepierreetlili.fr\/index.php\/wp-json\/wp\/v2\/product"}],"about":[{"href":"https:\/\/pepinierepierreetlili.fr\/index.php\/wp-json\/wp\/v2\/types\/product"}],"wp:attachment":[{"href":"https:\/\/pepinierepierreetlili.fr\/index.php\/wp-json\/wp\/v2\/media?parent=3025"}],"wp:term":[{"taxonomy":"product_brand","embeddable":true,"href":"https:\/\/pepinierepierreetlili.fr\/index.php\/wp-json\/wp\/v2\/product_brand?post=3025"},{"taxonomy":"product_cat","embeddable":true,"href":"https:\/\/pepinierepierreetlili.fr\/index.php\/wp-json\/wp\/v2\/product_cat?post=3025"},{"taxonomy":"product_tag","embeddable":true,"href":"https:\/\/pepinierepierreetlili.fr\/index.php\/wp-json\/wp\/v2\/product_tag?post=3025"}],"curies":[{"name":"wp","href":"https:\/\/api.w.org\/{rel}","templated":true}]}}