{"id":3020,"date":"2025-10-04T16:55:26","date_gmt":"2025-10-04T14:55:26","guid":{"rendered":"https:\/\/www.pepinierepierreetlili.fr\/?post_type=product&#038;p=3020"},"modified":"2025-12-15T16:44:39","modified_gmt":"2025-12-15T15:44:39","slug":"pommier-gala","status":"publish","type":"product","link":"https:\/\/pepinierepierreetlili.fr\/index.php\/produit\/pommier-gala\/","title":{"rendered":"Pommier GALA"},"content":{"rendered":"<p>Pommier Gala \u2013 Vari\u00e9t\u00e9 moderne, sucr\u00e9e et tr\u00e8s productive<\/p>\n<p>Le pommier Gala est une vari\u00e9t\u00e9 tr\u00e8s appr\u00e9ci\u00e9e pour ses fruits sucr\u00e9s, croquants et parfum\u00e9s, \u00e0 la peau jaune stri\u00e9e de rouge. Productif, r\u00e9gulier et pr\u00e9coce, il donne chaque ann\u00e9e des pommes juteuses, id\u00e9ales \u00e0 croquer et excellentes pour les jus.<\/p>\n<p>Bien qu\u2019issu d\u2019une s\u00e9lection moderne, le Gala s\u2019adapte tr\u00e8s bien aux sols vivants et aux vergers diversifi\u00e9s lorsqu\u2019il est cultiv\u00e9 sans travail du sol. Vigoureux et relativement peu sensible en conditions s\u00e8ches, il convient parfaitement aux jardins familiaux comme aux petites productions. Nos scions, greff\u00e9s sur porte-greffes adapt\u00e9s au climat du Sud, assurent une reprise s\u00fbre et une mise \u00e0 fruit rapide.<\/p>\n","protected":false},"excerpt":{"rendered":"<p>Pommier Gala \u2013 Vari\u00e9t\u00e9 moderne, sucr\u00e9e et tr\u00e8s productive<\/p>\n<p>Le pommier Gala est une vari\u00e9t\u00e9 tr\u00e8s appr\u00e9ci\u00e9e pour ses fruits sucr\u00e9s, croquants et parfum\u00e9s, \u00e0 la peau jaune stri\u00e9e de rouge. Productif, r\u00e9gulier et pr\u00e9coce, il donne chaque ann\u00e9e des pommes juteuses, id\u00e9ales \u00e0 croquer et excellentes pour les jus.<\/p>\n<p>Bien qu\u2019issu d\u2019une s\u00e9lection moderne, le Gala s\u2019adapte tr\u00e8s bien aux sols vivants et aux vergers diversifi\u00e9s lorsqu\u2019il est cultiv\u00e9 sans travail du sol. Vigoureux et relativement peu sensible en conditions s\u00e8ches, il convient parfaitement aux jardins familiaux comme aux petites productions. Nos scions, greff\u00e9s sur porte-greffes adapt\u00e9s au climat du Sud, assurent une reprise s\u00fbre et une mise \u00e0 fruit rapide.<\/p>\n","protected":false},"featured_media":0,"template":"","meta":{"site-sidebar-layout":"default","site-content-layout":"default","ast-global-header-display":"","ast-banner-title-visibility":"","ast-main-header-display":"","ast-hfb-above-header-display":"","ast-hfb-below-header-display":"","ast-hfb-mobile-header-display":"","site-post-title":"","ast-breadcrumbs-content":"","ast-featured-img":"","footer-sml-layout":"","theme-transparent-header-meta":"default","adv-header-id-meta":"","stick-header-meta":"","header-above-stick-meta":"","header-main-stick-meta":"","header-below-stick-meta":""},"product_brand":[],"product_cat":[54],"product_tag":[],"class_list":{"0":"post-3020","1":"product","2":"type-product","3":"status-publish","5":"product_cat-pommier","6":"desktop-align-left","7":"tablet-align-left","8":"mobile-align-left","10":"first","11":"instock","12":"featured","13":"taxable","14":"shipping-taxable","15":"purchasable","16":"product-type-variable"},"jetpack_sharing_enabled":true,"_links":{"self":[{"href":"https:\/\/pepinierepierreetlili.fr\/index.php\/wp-json\/wp\/v2\/product\/3020","targetHints":{"allow":["GET"]}}],"collection":[{"href":"https:\/\/pepinierepierreetlili.fr\/index.php\/wp-json\/wp\/v2\/product"}],"about":[{"href":"https:\/\/pepinierepierreetlili.fr\/index.php\/wp-json\/wp\/v2\/types\/product"}],"wp:attachment":[{"href":"https:\/\/pepinierepierreetlili.fr\/index.php\/wp-json\/wp\/v2\/media?parent=3020"}],"wp:term":[{"taxonomy":"product_brand","embeddable":true,"href":"https:\/\/pepinierepierreetlili.fr\/index.php\/wp-json\/wp\/v2\/product_brand?post=3020"},{"taxonomy":"product_cat","embeddable":true,"href":"https:\/\/pepinierepierreetlili.fr\/index.php\/wp-json\/wp\/v2\/product_cat?post=3020"},{"taxonomy":"product_tag","embeddable":true,"href":"https:\/\/pepinierepierreetlili.fr\/index.php\/wp-json\/wp\/v2\/product_tag?post=3020"}],"curies":[{"name":"wp","href":"https:\/\/api.w.org\/{rel}","templated":true}]}}