{"id":2940,"date":"2025-10-04T16:43:46","date_gmt":"2025-10-04T14:43:46","guid":{"rendered":"https:\/\/www.pepinierepierreetlili.fr\/?post_type=product&#038;p=2940"},"modified":"2025-12-15T16:44:39","modified_gmt":"2025-12-15T15:44:39","slug":"pommier-sainte-germaine","status":"publish","type":"product","link":"https:\/\/pepinierepierreetlili.fr\/index.php\/produit\/pommier-sainte-germaine\/","title":{"rendered":"Pommier SAINTE GERMAINE"},"content":{"rendered":"<p>Pommier Sainte Germaine \u2013 Vari\u00e9t\u00e9 ancienne productive, douce et excellente en cuisson<\/p>\n<p>Le pommier Sainte Germaine est une vari\u00e9t\u00e9 ancienne fran\u00e7aise, tr\u00e8s appr\u00e9ci\u00e9e pour ses fruits jaune p\u00e2le \u00e0 la chair fine, douce, l\u00e9g\u00e8rement acidul\u00e9e et tr\u00e8s parfum\u00e9e. Excellente \u00e0 croquer, elle r\u00e9v\u00e8le tout son potentiel en compote, p\u00e2tisserie et cuisson, o\u00f9 elle offre une texture fondante et un go\u00fbt d\u00e9licat.<\/p>\n<p>Arbre vigoureux, rustique et naturellement productif, la Sainte Germaine s\u2019adapte tr\u00e8s bien aux sols vivants et aux vergers naturels. Sa mise \u00e0 fruit est r\u00e9guli\u00e8re et sa r\u00e9sistance naturelle en fait une vari\u00e9t\u00e9 fiable pour les jardins familiaux comme pour les vergers diversifi\u00e9s. Greff\u00e9s sur porte-greffes adapt\u00e9s, nos scions assurent une reprise vigoureuse, une croissance harmonieuse et une fructification stable.<\/p>\n","protected":false},"excerpt":{"rendered":"<p>Pommier Sainte Germaine \u2013 Vari\u00e9t\u00e9 ancienne productive, douce et excellente en cuisson<\/p>\n<p>Le pommier Sainte Germaine est une vari\u00e9t\u00e9 ancienne fran\u00e7aise, tr\u00e8s appr\u00e9ci\u00e9e pour ses fruits jaune p\u00e2le \u00e0 la chair fine, douce, l\u00e9g\u00e8rement acidul\u00e9e et tr\u00e8s parfum\u00e9e. Excellente \u00e0 croquer, elle r\u00e9v\u00e8le tout son potentiel en compote, p\u00e2tisserie et cuisson, o\u00f9 elle offre une texture fondante et un go\u00fbt d\u00e9licat.<\/p>\n<p>Arbre vigoureux, rustique et naturellement productif, la Sainte Germaine s\u2019adapte tr\u00e8s bien aux sols vivants et aux vergers naturels. Sa mise \u00e0 fruit est r\u00e9guli\u00e8re et sa r\u00e9sistance naturelle en fait une vari\u00e9t\u00e9 fiable pour les jardins familiaux comme pour les vergers diversifi\u00e9s. Greff\u00e9s sur porte-greffes adapt\u00e9s, nos scions assurent une reprise vigoureuse, une croissance harmonieuse et une fructification stable.<\/p>\n","protected":false},"featured_media":0,"template":"","meta":{"site-sidebar-layout":"default","site-content-layout":"default","ast-global-header-display":"","ast-banner-title-visibility":"","ast-main-header-display":"","ast-hfb-above-header-display":"","ast-hfb-below-header-display":"","ast-hfb-mobile-header-display":"","site-post-title":"","ast-breadcrumbs-content":"","ast-featured-img":"","footer-sml-layout":"","theme-transparent-header-meta":"default","adv-header-id-meta":"","stick-header-meta":"","header-above-stick-meta":"","header-main-stick-meta":"","header-below-stick-meta":""},"product_brand":[],"product_cat":[54],"product_tag":[],"class_list":{"0":"post-2940","1":"product","2":"type-product","3":"status-publish","5":"product_cat-pommier","6":"desktop-align-left","7":"tablet-align-left","8":"mobile-align-left","10":"first","11":"outofstock","12":"featured","13":"taxable","14":"shipping-taxable","15":"purchasable","16":"product-type-variable"},"jetpack_sharing_enabled":true,"_links":{"self":[{"href":"https:\/\/pepinierepierreetlili.fr\/index.php\/wp-json\/wp\/v2\/product\/2940","targetHints":{"allow":["GET"]}}],"collection":[{"href":"https:\/\/pepinierepierreetlili.fr\/index.php\/wp-json\/wp\/v2\/product"}],"about":[{"href":"https:\/\/pepinierepierreetlili.fr\/index.php\/wp-json\/wp\/v2\/types\/product"}],"wp:attachment":[{"href":"https:\/\/pepinierepierreetlili.fr\/index.php\/wp-json\/wp\/v2\/media?parent=2940"}],"wp:term":[{"taxonomy":"product_brand","embeddable":true,"href":"https:\/\/pepinierepierreetlili.fr\/index.php\/wp-json\/wp\/v2\/product_brand?post=2940"},{"taxonomy":"product_cat","embeddable":true,"href":"https:\/\/pepinierepierreetlili.fr\/index.php\/wp-json\/wp\/v2\/product_cat?post=2940"},{"taxonomy":"product_tag","embeddable":true,"href":"https:\/\/pepinierepierreetlili.fr\/index.php\/wp-json\/wp\/v2\/product_tag?post=2940"}],"curies":[{"name":"wp","href":"https:\/\/api.w.org\/{rel}","templated":true}]}}