{"id":727,"date":"2023-10-17T11:42:11","date_gmt":"2023-10-17T09:42:11","guid":{"rendered":"https:\/\/www.pepinierepierreetlili.fr\/?page_id=727"},"modified":"2024-09-21T20:54:16","modified_gmt":"2024-09-21T18:54:16","slug":"msv-maraichage-sur-sol-vivant-psv-pepiniere-quest-ce-que-cest","status":"publish","type":"page","link":"https:\/\/pepinierepierreetlili.fr\/index.php\/msv-maraichage-sur-sol-vivant-psv-pepiniere-quest-ce-que-cest\/","title":{"rendered":"C\u2019est quoi l\u2019agriculture de conservation des sols ?"},"content":{"rendered":"\n<h2 class=\"wp-block-heading\" id=\"les-bases-dun-sol-vivant\">LES BASES D\u2019UN SOL VIVANT<\/h2>\n\n\n\n<p><strong>\u00c9viter au maximum le travail du sol<\/strong><\/p>\n\n\n\n<p>Le sol est un \u00eatre vivant \u00e0 part enti\u00e8re, lorsque les bonnes conditions de temp\u00e9rature, de nourriture et d&rsquo;humidit\u00e9 sont r\u00e9unies, son activit\u00e9 biologique est tr\u00e8s intense et riche. A titre indicatif 80 % de l\u2019activit\u00e9 biologique d\u2019un sol peut \u00eatre d\u00e9truite (dans l&rsquo;horizon travaill\u00e9) par un simple passage de charrue ou de rotavator. Imaginez des vers de terre ou des filaments mycorhiziens apr\u00e8s un labour&#8230;<\/p>\n\n\n\n<p><strong>Un sol vivant est un sol toujours couvert de mati\u00e8re organique<\/strong><\/p>\n\n\n\n<p>Dans la nature il n&rsquo;existe pas de sol qui ne soit pas couvert de mati\u00e8res organiques (\u00e0 part les d\u00e9serts&#8230;), dans la for\u00eat ou la prairie toute la production v\u00e9g\u00e9tale retombe au sol o\u00f9 elle nourrit l&rsquo;activit\u00e9 biologique, qui va transformer tout cela en humus. A l\u2019abri des rayons ultraviolets du soleil et pourvue d\u2019une nourriture abondante, l\u2019activit\u00e9 de ces d\u00e9composeurs prosp\u00e8re et nourrit les plantes.<\/p>\n\n\n\n<h2 class=\"wp-block-heading\" id=\"comment-nourir-un-sol\">COMMENT NOUrRIR UN SOL ?<\/h2>\n\n\n\n<p>Nourrir son sol, c\u2019est lui apporter une ration de nourriture suffisante pour qu\u2019une activit\u00e9 biologique importante puisse s&rsquo;y d\u00e9velopper, cr\u00e9ant ainsi un sol fertile dans lequel les plantes que l\u2019on va cultiver peuvent s\u2019\u00e9panouir. Il faut \u00e9galement veiller \u00e0 ce que le sol reste toujours humide, sans eau pas de vie, dans le sud de la France c&rsquo;est souvent la s\u00e8cheresse qui tue les sols&#8230;<\/p>\n\n\n\n<p>La vie biologique du sol se nourrit de&nbsp;<strong>carbone<\/strong>, c\u2019est \u00e0 dire de&nbsp;<strong>sucre qui a \u00e9t\u00e9 synth\u00e9tis\u00e9 par photosynth\u00e8se<\/strong>. La plante gr\u00e2ce \u00e0 l\u2019\u00e9nergie du soleil transforme l\u2019eau et le Co2 en sucres plus ou moins complexes.<\/p>\n\n\n\n<p>Toute l\u2019\u00e9nergie disponible sur cette terre provient du soleil, et les plantes sont les seuls organismes vivants \u00e0 pouvoir capter l\u2019\u00e9nergie lumineuse et la transformer en \u00e9nergie biochimique.<\/p>\n\n\n\n<p>Au jardin deux mani\u00e8res de nourrir son sol :<\/p>\n\n\n\n<ul class=\"wp-block-list\">\n<li>Le&nbsp;<strong>mulch ou couverture de sol avec de la mati\u00e8re organique<\/strong> <strong>morte et<\/strong> <strong>import\u00e9e<\/strong>.&nbsp;On utilisera souvent le mot \u00ab mulch \u00bb car il est moins restrictif que le terme \u00ab paillage \u00bb qui consiste aussi \u00e0 couvrir le sol avec un type bien pr\u00e9cis de mati\u00e8re organique, \u00e0 savoir la paille. Nous verrons par la suite les sp\u00e9cificit\u00e9s de chaque mati\u00e8re organique (Tonte de gazon, feuilles, foin, paille, broyat de d\u00e9chets vert, copeaux de bois, BRF, aiguilles de pin etc\u2026)<\/li>\n\n\n\n<li>Les\u00a0<strong>couverts v\u00e9g\u00e9taux ou engrais verts<\/strong>. Le r\u00f4le du couvert v\u00e9g\u00e9tal va \u00eatre de contribuer \u00e0 structurer le sol (via l\u2019action du syst\u00e8me racinaire des plantes et les porosit\u00e9s laiss\u00e9es apr\u00e8s sa d\u00e9composition) puis de nourrir le sol par la production in situ et la restitution du carbone contenu dans les plantes de couverture au moment de leur destruction.<\/li>\n<\/ul>\n\n\n\n<div style=\"height:100px\" aria-hidden=\"true\" class=\"wp-block-spacer\"><\/div>\n\n\n\n<figure class=\"wp-block-embed is-type-video is-provider-youtube wp-block-embed-youtube wp-embed-aspect-16-9 wp-has-aspect-ratio\"><div class=\"wp-block-embed__wrapper\">\n<div class=\"ast-oembed-container\" style=\"height: 100%;\"><iframe title=\"Le vivant et le sol vivant, par Fran\u00e7ois Mulet\" width=\"500\" height=\"281\" src=\"https:\/\/www.youtube.com\/embed\/ffGXv0vMX1U?list=PLo3eMfnAIJQUuDOulwngQX-HKboiyLGrS\" frameborder=\"0\" allow=\"accelerometer; autoplay; clipboard-write; encrypted-media; gyroscope; picture-in-picture; web-share\" referrerpolicy=\"strict-origin-when-cross-origin\" allowfullscreen><\/iframe><\/div>\n<\/div><\/figure>\n\n\n\n<p><a href=\"https:\/\/normandie.maraichagesolvivant.fr\/\" data-type=\"link\" data-id=\"https:\/\/normandie.maraichagesolvivant.fr\/\">https:\/\/normandie.maraichagesolvivant.fr\/<\/a><\/p>\n\n\n\n<p><a href=\"https:\/\/www.youtube.com\/@VerdeTerreProduction\">(21) Ver de Terre Production &#8211; YouTube<\/a><\/p>\n","protected":false},"excerpt":{"rendered":"<p>LES BASES D\u2019UN SOL VIVANT \u00c9viter au maximum le travail du sol Le sol est un \u00eatre vivant \u00e0 part enti\u00e8re, lorsque les bonnes conditions de temp\u00e9rature, de nourriture et d&rsquo;humidit\u00e9 sont r\u00e9unies, son activit\u00e9 biologique est tr\u00e8s intense et riche. A titre indicatif 80 % de l\u2019activit\u00e9 biologique d\u2019un sol peut \u00eatre d\u00e9truite (dans &hellip;<\/p>\n<p class=\"read-more\"> <a class=\"\" href=\"https:\/\/pepinierepierreetlili.fr\/index.php\/msv-maraichage-sur-sol-vivant-psv-pepiniere-quest-ce-que-cest\/\"> <span class=\"screen-reader-text\">C\u2019est quoi l\u2019agriculture de conservation des sols ?<\/span> Lire la suite\u00a0\u00bb<\/a><\/p>\n","protected":false},"author":1,"featured_media":0,"parent":0,"menu_order":0,"comment_status":"closed","ping_status":"closed","template":"","meta":{"site-sidebar-layout":"default","site-content-layout":"default","ast-global-header-display":"","ast-banner-title-visibility":"","ast-main-header-display":"","ast-hfb-above-header-display":"","ast-hfb-below-header-display":"","ast-hfb-mobile-header-display":"","site-post-title":"","ast-breadcrumbs-content":"","ast-featured-img":"","footer-sml-layout":"","theme-transparent-header-meta":"","adv-header-id-meta":"","stick-header-meta":"","header-above-stick-meta":"","header-main-stick-meta":"","header-below-stick-meta":"","footnotes":""},"class_list":["post-727","page","type-page","status-publish","hentry"],"jetpack_sharing_enabled":true,"_links":{"self":[{"href":"https:\/\/pepinierepierreetlili.fr\/index.php\/wp-json\/wp\/v2\/pages\/727","targetHints":{"allow":["GET"]}}],"collection":[{"href":"https:\/\/pepinierepierreetlili.fr\/index.php\/wp-json\/wp\/v2\/pages"}],"about":[{"href":"https:\/\/pepinierepierreetlili.fr\/index.php\/wp-json\/wp\/v2\/types\/page"}],"author":[{"embeddable":true,"href":"https:\/\/pepinierepierreetlili.fr\/index.php\/wp-json\/wp\/v2\/users\/1"}],"replies":[{"embeddable":true,"href":"https:\/\/pepinierepierreetlili.fr\/index.php\/wp-json\/wp\/v2\/comments?post=727"}],"version-history":[{"count":0,"href":"https:\/\/pepinierepierreetlili.fr\/index.php\/wp-json\/wp\/v2\/pages\/727\/revisions"}],"wp:attachment":[{"href":"https:\/\/pepinierepierreetlili.fr\/index.php\/wp-json\/wp\/v2\/media?parent=727"}],"curies":[{"name":"wp","href":"https:\/\/api.w.org\/{rel}","templated":true}]}}