{"id":712,"date":"2023-10-17T11:05:47","date_gmt":"2023-10-17T09:05:47","guid":{"rendered":"https:\/\/www.pepinierepierreetlili.fr\/?page_id=712"},"modified":"2024-09-20T20:32:31","modified_gmt":"2024-09-20T18:32:31","slug":"comment-planter-votre-arbre-arbuste","status":"publish","type":"page","link":"https:\/\/pepinierepierreetlili.fr\/index.php\/comment-planter-votre-arbre-arbuste\/","title":{"rendered":"Comment planter votre arbre, Arbuste ?"},"content":{"rendered":"\n<p>Avant toute chose prenez note qu&rsquo;un arbre fruitier n&rsquo;est pas une esp\u00e8ce end\u00e9mique, dans son jeune \u00e2ge, livr\u00e9 a lui m\u00eame il sera moins efficace que les v\u00e9g\u00e9taux locaux pour explorer le sol, obtenir des min\u00e9raux et de l&rsquo;eau&#8230; en d&rsquo;autre termes pendant les premi\u00e8res ann\u00e9es de sa vie il devra \u00eatre trait\u00e9 id\u00e9alement comme une plante potag\u00e8re, adulte il aura besoin de beaucoup moins de soins, mais plus vous lui en apporterez et plus il vous remerciera de ses fruits!!<\/p>\n\n\n\n<p><\/p>\n\n\n\n<p>Ne connaissant pas l&rsquo;\u00e9tat initial de votre sol notre recommandation tout venant serait<\/p>\n\n\n\n<ul class=\"wp-block-list\">\n<li>D\u00e9poser 50l de crottin\/compost\/tonte et 50l de broyat\/sciure par M2 sur une surface de 25 M2 par arbre et l&rsquo;incorporer dans les 30 premier cm 5 mois au moins avant plantation<\/li>\n\n\n\n<li>Praliner les racines et les habiller au besoin<\/li>\n\n\n\n<li>Faire attention \u00e0 ne pas enterrer le point de greffe <\/li>\n\n\n\n<li>D\u00e9poser un mulch en surface et au besoin g\u00e9rer les adventices (sciure, Foin, Paille, Chanvre, Toile tiss\u00e9e&#8230;)<\/li>\n\n\n\n<li>Garder le sol humide en permanence pour favoriser le d\u00e9veloppement de l&rsquo;activit\u00e9 biologique du sol d\u00e8s l&rsquo;apport massif de mati\u00e8re organique<\/li>\n\n\n\n<li>Arroser r\u00e9guli\u00e8rement l&rsquo;arbre pendant les 3 premi\u00e8res ann\u00e9es<\/li>\n\n\n\n<li>Donner \u00e0 manger r\u00e9guli\u00e8rement avec de la mati\u00e8re organique en surface<\/li>\n<\/ul>\n\n\n\n<p>Pour des conseils personnalis\u00e9s \u00e0 l&rsquo;\u00e9tat initial de votre sol (granulom\u00e9trie, structure, ph, taux de MO, pr\u00e9c\u00e9dent etc&#8230; contactez nous! <\/p>\n\n\n\n<div style=\"height:100px\" aria-hidden=\"true\" class=\"wp-block-spacer\"><\/div>\n\n\n\n<p><\/p>\n\n\n\n\n\n<p><\/p>\n","protected":false},"excerpt":{"rendered":"<p>Avant toute chose prenez note qu&rsquo;un arbre fruitier n&rsquo;est pas une esp\u00e8ce end\u00e9mique, dans son jeune \u00e2ge, livr\u00e9 a lui m\u00eame il sera moins efficace que les v\u00e9g\u00e9taux locaux pour explorer le sol, obtenir des min\u00e9raux et de l&rsquo;eau&#8230; en d&rsquo;autre termes pendant les premi\u00e8res ann\u00e9es de sa vie il devra \u00eatre trait\u00e9 id\u00e9alement comme &hellip;<\/p>\n<p class=\"read-more\"> <a class=\"\" href=\"https:\/\/pepinierepierreetlili.fr\/index.php\/comment-planter-votre-arbre-arbuste\/\"> <span class=\"screen-reader-text\">Comment planter votre arbre, Arbuste ?<\/span> Lire la suite\u00a0\u00bb<\/a><\/p>\n","protected":false},"author":1,"featured_media":0,"parent":0,"menu_order":0,"comment_status":"closed","ping_status":"closed","template":"","meta":{"site-sidebar-layout":"default","site-content-layout":"default","ast-global-header-display":"","ast-banner-title-visibility":"","ast-main-header-display":"","ast-hfb-above-header-display":"","ast-hfb-below-header-display":"","ast-hfb-mobile-header-display":"","site-post-title":"","ast-breadcrumbs-content":"","ast-featured-img":"","footer-sml-layout":"","theme-transparent-header-meta":"","adv-header-id-meta":"","stick-header-meta":"","header-above-stick-meta":"","header-main-stick-meta":"","header-below-stick-meta":"","footnotes":""},"class_list":["post-712","page","type-page","status-publish","hentry"],"jetpack_sharing_enabled":true,"_links":{"self":[{"href":"https:\/\/pepinierepierreetlili.fr\/index.php\/wp-json\/wp\/v2\/pages\/712","targetHints":{"allow":["GET"]}}],"collection":[{"href":"https:\/\/pepinierepierreetlili.fr\/index.php\/wp-json\/wp\/v2\/pages"}],"about":[{"href":"https:\/\/pepinierepierreetlili.fr\/index.php\/wp-json\/wp\/v2\/types\/page"}],"author":[{"embeddable":true,"href":"https:\/\/pepinierepierreetlili.fr\/index.php\/wp-json\/wp\/v2\/users\/1"}],"replies":[{"embeddable":true,"href":"https:\/\/pepinierepierreetlili.fr\/index.php\/wp-json\/wp\/v2\/comments?post=712"}],"version-history":[{"count":0,"href":"https:\/\/pepinierepierreetlili.fr\/index.php\/wp-json\/wp\/v2\/pages\/712\/revisions"}],"wp:attachment":[{"href":"https:\/\/pepinierepierreetlili.fr\/index.php\/wp-json\/wp\/v2\/media?parent=712"}],"curies":[{"name":"wp","href":"https:\/\/api.w.org\/{rel}","templated":true}]}}