{"id":487,"date":"2023-06-13T22:19:06","date_gmt":"2023-06-13T20:19:06","guid":{"rendered":"https:\/\/www.pepinierepierreetlili.fr\/?page_id=487"},"modified":"2025-04-24T12:31:36","modified_gmt":"2025-04-24T10:31:36","slug":"on-parle-de-nous","status":"publish","type":"page","link":"https:\/\/pepinierepierreetlili.fr\/index.php\/on-parle-de-nous\/","title":{"rendered":"On parle de nous"},"content":{"rendered":"\n<h2 class=\"wp-block-heading\">ARTICLE SUR LE MIDI LIBRE<\/h2>\n\n\n\n<p><a href=\"https:\/\/www.midilibre.fr\/2025\/02\/27\/pour-une-agriculture-qui-respecte-les-sols-12537922.php\">https:\/\/www.midilibre.fr\/2025\/02\/27\/pour-une-agriculture-qui-respecte-les-sols-12537922.php<\/a><\/p>\n\n\n\n<figure class=\"wp-block-image size-large is-resized\"><img data-dominant-color=\"aba2a2\" data-has-transparency=\"false\" fetchpriority=\"high\" decoding=\"async\" width=\"764\" height=\"1024\" sizes=\"(max-width: 764px) 100vw, 764px\" src=\"https:\/\/pepinierepierreetlili.fr\/wp-content\/uploads\/2025\/04\/481464405_521132691013697_8623420106273773502_n-764x1024.webp\" alt=\"\" class=\"wp-image-2654 not-transparent\" style=\"--dominant-color: #aba2a2; width:1200px;height:auto\" srcset=\"https:\/\/pepinierepierreetlili.fr\/wp-content\/uploads\/2025\/04\/481464405_521132691013697_8623420106273773502_n-764x1024.webp 764w, https:\/\/pepinierepierreetlili.fr\/wp-content\/uploads\/2025\/04\/481464405_521132691013697_8623420106273773502_n-224x300.webp 224w, https:\/\/pepinierepierreetlili.fr\/wp-content\/uploads\/2025\/04\/481464405_521132691013697_8623420106273773502_n-768x1030.webp 768w, https:\/\/pepinierepierreetlili.fr\/wp-content\/uploads\/2025\/04\/481464405_521132691013697_8623420106273773502_n-600x804.webp 600w, https:\/\/pepinierepierreetlili.fr\/wp-content\/uploads\/2025\/04\/481464405_521132691013697_8623420106273773502_n.webp 945w\" \/><\/figure>\n\n\n\n<h2 class=\"wp-block-heading\">Voila ce qu&rsquo;on fait! Merci a tonton pierrick!<\/h2>\n\n\n\n<figure class=\"wp-block-embed is-type-video is-provider-youtube wp-block-embed-youtube wp-embed-aspect-16-9 wp-has-aspect-ratio\" style=\"margin-top:var(--wp--preset--spacing--40);margin-right:var(--wp--preset--spacing--40);margin-bottom:var(--wp--preset--spacing--40);margin-left:var(--wp--preset--spacing--40)\"><div class=\"wp-block-embed__wrapper\">\n<div class=\"ast-oembed-container\" style=\"height: 100%;\"><iframe title=\"Jardikulture S5- 04 P\u00e9pini\u00e8re Pierre et Lili\" width=\"500\" height=\"281\" src=\"https:\/\/www.youtube.com\/embed\/Mz6M4UTYG0E?feature=oembed\" frameborder=\"0\" allow=\"accelerometer; autoplay; clipboard-write; encrypted-media; gyroscope; picture-in-picture; web-share\" referrerpolicy=\"strict-origin-when-cross-origin\" allowfullscreen><\/iframe><\/div>\n<\/div><figcaption class=\"wp-element-caption\"><mark style=\"background-color:rgba(0, 0, 0, 0)\" class=\"has-inline-color has-ast-global-color-0-color\">Un immense Merci \u00e0 Mo pour cette vid\u00e9o et pour les beaux moments partag\u00e9s !!!<\/mark><\/figcaption><\/figure>\n\n\n\n<div class=\"wp-block-media-text alignwide is-stacked-on-mobile\"><figure class=\"wp-block-media-text__media\"><img decoding=\"async\" width=\"838\" height=\"800\" src=\"https:\/\/pepinierepierreetlili.fr\/wp-content\/uploads\/2023\/06\/MSV-1.jpg\" alt=\"\" class=\"wp-image-489 size-full\" srcset=\"https:\/\/pepinierepierreetlili.fr\/wp-content\/uploads\/2023\/06\/MSV-1.jpg 838w, https:\/\/pepinierepierreetlili.fr\/wp-content\/uploads\/2023\/06\/MSV-1-300x286.jpg 300w, https:\/\/pepinierepierreetlili.fr\/wp-content\/uploads\/2023\/06\/MSV-1-768x733.jpg 768w, https:\/\/pepinierepierreetlili.fr\/wp-content\/uploads\/2023\/06\/MSV-1-600x573.jpg 600w\" sizes=\"(max-width: 838px) 100vw, 838px\" \/><\/figure><div class=\"wp-block-media-text__content\">\n<figure class=\"wp-block-pullquote\"><blockquote><p>Vous aussi soutenez le reseau MSV, en participant \u00e0 ce crowfounding ! Cliquez sur le lien ci-dessous !<\/p><cite><a href=\"https:\/\/www.kisskissbankbank.com\/fr\/projects\/maraichage-sol-vivant-portraits2023\/tabs\/news\">Mara\u00eechage Sol Vivant : nouveaux portraits de fermes ! par Mara\u00eechage sur Sol Vivant \u2014 KissKissBankBank<\/a><br><\/cite><\/blockquote><\/figure>\n\n\n\n<p><\/p>\n<\/div><\/div>\n","protected":false},"excerpt":{"rendered":"<p>ARTICLE SUR LE MIDI LIBRE https:\/\/www.midilibre.fr\/2025\/02\/27\/pour-une-agriculture-qui-respecte-les-sols-12537922.php Voila ce qu&rsquo;on fait! Merci a tonton pierrick! Vous aussi soutenez le reseau MSV, en participant \u00e0 ce crowfounding ! Cliquez sur le lien ci-dessous ! Mara\u00eechage Sol Vivant : nouveaux portraits de fermes ! par Mara\u00eechage sur Sol Vivant \u2014 KissKissBankBank<\/p>\n","protected":false},"author":1,"featured_media":0,"parent":0,"menu_order":0,"comment_status":"closed","ping_status":"closed","template":"","meta":{"site-sidebar-layout":"default","site-content-layout":"default","ast-global-header-display":"","ast-banner-title-visibility":"","ast-main-header-display":"","ast-hfb-above-header-display":"","ast-hfb-below-header-display":"","ast-hfb-mobile-header-display":"","site-post-title":"","ast-breadcrumbs-content":"","ast-featured-img":"","footer-sml-layout":"","theme-transparent-header-meta":"","adv-header-id-meta":"","stick-header-meta":"","header-above-stick-meta":"","header-main-stick-meta":"","header-below-stick-meta":"","footnotes":""},"class_list":["post-487","page","type-page","status-publish","hentry"],"jetpack_sharing_enabled":true,"_links":{"self":[{"href":"https:\/\/pepinierepierreetlili.fr\/index.php\/wp-json\/wp\/v2\/pages\/487","targetHints":{"allow":["GET"]}}],"collection":[{"href":"https:\/\/pepinierepierreetlili.fr\/index.php\/wp-json\/wp\/v2\/pages"}],"about":[{"href":"https:\/\/pepinierepierreetlili.fr\/index.php\/wp-json\/wp\/v2\/types\/page"}],"author":[{"embeddable":true,"href":"https:\/\/pepinierepierreetlili.fr\/index.php\/wp-json\/wp\/v2\/users\/1"}],"replies":[{"embeddable":true,"href":"https:\/\/pepinierepierreetlili.fr\/index.php\/wp-json\/wp\/v2\/comments?post=487"}],"version-history":[{"count":0,"href":"https:\/\/pepinierepierreetlili.fr\/index.php\/wp-json\/wp\/v2\/pages\/487\/revisions"}],"wp:attachment":[{"href":"https:\/\/pepinierepierreetlili.fr\/index.php\/wp-json\/wp\/v2\/media?parent=487"}],"curies":[{"name":"wp","href":"https:\/\/api.w.org\/{rel}","templated":true}]}}